 -j**3 + 7*j**2 - 11*j + 15. Determine k(6).
-15
Let h(o) = -2*o + 6. Determine h(9).
-12
Let l(y) = y**3 - 6*y**2 + 5*y + 6. Give l(6).
36
Let i(k) = -7*k + 38. Determine i(6).
-4
Let h(b) = -b**2 + b - 1. What is h(1)?
-1
Let x(s) = 8*s**2 + 62*s - 25. Determine x(-8).
-9
Let m(h) = -h**2 + 15*h - 53. Determine m(6).
1
Let j(c) = -c**2 - 10*c - 11. What is j(-8)?
5
Let a(z) = -z**3 - 14*z**2 - 17*z. What is a(-13)?
52
Let l(g) = -3*g**2 - 98*g - 43. What is l(-32)?
21
Let m(d) = -4*d + 86. Give m(16).
22
Let i(u) = -u**2 - 44*u + 23. Determine i(0).
23
Let c(o) = -2*o**2 - o + 3. What is c(-2)?
-3
Let x(q) = -2*q**2 + q - 3. Determine x(5).
-48
Let g(s) = -s**3 - 7*s**2 + 7*s - 19. Give g(-8).
-11
Let r(t) = t**2 - 11*t + 2. Determine r(11).
2
Let x(r) = -r**3 - 7*r**2 + 22*r - 5. Calculate x(-10).
75
Let a(l) = -3*l + 23. What is a(-16)?
71
Let c(u) = -u + 3. Determine c(-2).
5
Let y(k) = 4*k - 3. What is y(6)?
21
Let h(o) = o**2 - 10*o + 10. Give h(8).
-6
Let z(m) = -m**3 + 3*m**2 - m - 1. Calculate z(3).
-4
Let t(k) = 26*k - 16. Calculate t(1).
10
Let t(i) = i**2 - 5*i - 43. What is t(-9)?
83
Let t(c) = -c**3 + c**2 - 8. Determine t(0).
-8
Let k(d) = -10*d - 41. Determine k(-11).
69
Let d(o) = 14*o + 30. Calculate d(-3).
-12
Let l(u) = -3*u + 19. What is l(14)?
-23
Let c(d) = d**3 + 11*d**2 - 15*d + 9. Calculate c(-12).
45
Let g(x) = -4*x + 8. Calculate g(6).
-16
Let t(n) = -11*n + 2. Give t(1).
-9
Let l(a) = a**3 - 9*a**2 - 6*a - 43. Give l(10).
-3
Let u(m) = -m**2 + 11*m + 13. Determine u(11).
13
Let k(o) = -o**2 + 22*o + 159. Give k(28).
-9
Let j(f) = -f**2 + 13*f - 13. Calculate j(8).
27
Let m(l) = 100*l + 114. What is m(-1)?
14
Let c(h) = 9*h**2 + 162*h - 5. Determine c(-18).
-5
Let s(o) = -o**3 - 3*o - 2. Determine s(-1).
2
Let b(z) = -z - 20. Determine b(-11).
-9
Let p(q) = -8*q - 17. Give p(-4).
15
Let b(s) = s**3 - 15*s**2 + 14*s - 16. Determine b(14).
-16
Let t(d) = -d**3 + 7*d**2 + 14*d + 26. Determine t(9).
-10
Let c(j) = j**3 - 9*j**2 - 5*j + 7. Give c(10).
57
Let w(u) = -2*u - 19. Calculate w(-13).
7
Let n(j) = j**3 - 4*j**2 - 12*j + 3. Give n(6).
3
Let t(k) = -k**3 + 19*k**2 + 20*k + 12. Determine t(20).
12
Let z(x) = 6*x + 26. What is z(-5)?
-4
Let s(x) = -x**3 + 8*x**2 + 9*x + 9. Give s(9).
9
Let o(d) = -d**2 - 18*d - 12. Give o(-14).
44
Let k(x) = x - 5. Give k(7).
2
Let n(g) = g**2 - g + 87. Determine n(0).
87
Let v(z) = z**3 - 6*z**2 - 3*z + 15. Calculate v(6).
-3
Let u(h) = h**3 + 23. Determine u(0).
23
Let j(d) = d**3 + 5*d**2 - d. Give j(-5).
5
Let g(d) = 3*d - 7. Determine g(-20).
-67
Let l(k) = -5*k - 1. Determine l(4).
-21
Let w(h) = -h**3 + 36*h**2 + 118*h. What is w(-3)?
-3
Let p(l) = -2*l**3 - 6*l**2 + l + 5. Determine p(-4).
33
Let j(o) = -2*o**3 - 9*o**2 - 6*o - 9. Calculate j(-4).
-1
Let u(c) = c**3 - 9*c**2 - 2*c + 18. Give u(9).
0
Let p(j) = 18*j**2 - j + 1. What is p(1)?
18
Let m(g) = 9*g - 23. Calculate m(4).
13
Let m(f) = -f**3 + 21*f**2 - 74*f + 108. Determine m(17).
6
Let h(g) = -3*g**3 + 6*g**2 + 5*g - 3. Determine h(3).
-15
Let c(o) = 3*o + 1. Calculate c(-5).
-14
Let u(z) = -9*z + 42. What is u(6)?
-12
Let g(p) = p**3 - 12*p**2 - 42*p + 186. Calculate g(14).
-10
Let q(y) = -y**3 + 18*y**2 + 20*y - 24. Determine q(19).
-5
Let a(g) = -g**3 - 3*g**2 - 3. Give a(3).
-57
Let s(k) = -k**3 - 10*k**2 - 4*k + 1. Give s(-10).
41
Let f(b) = -b**2 - 12*b + 74. Determine f(-16).
10
Let s(i) = 5*i - 55. Calculate s(12).
5
Let y(d) = d**3 + 10*d**2 + 13*d + 4. Determine y(-9).
-32
Let d(v) = 2*v**2 - 40*v + 70. What is d(18)?
-2
Let h(w) = -w**3 + 10*w**2 - 10*w + 18. Give h(4).
74
Let o(s) = 2*s**2 - 5*s + 6. What is o(4)?
18
Let x(q) = 4*q - 12. Give x(6).
12
Let p(k) = 2*k**3 + 18*k**2 + 2*k + 22. What is p(-9)?
4
Let c(n) = -2*n**2 + n + 3. What is c(4)?
-25
Let y(x) = -x - 19. Give y(-13).
-6
Let n(v) = -2*v**2 + 38*v + 38. Give n(20).
-2
Let n(f) = -4*f - 17. Determine n(8).
-49
Let o(p) = p**2 + 3*p - 2. Calculate o(2).
8
Let p(l) = l**3 - 8*l**2 - 10*l + 16. Give p(10).
116
Let l(u) = -u**3 + 22*u**2 - 2*u + 21. What is l(22)?
-23
Let m(h) = -h**3 + 8*h**2 - h - 1. Calculate m(8).
-9
Let y(l) = 2*l**2 - 40*l - 282. Determine y(-6).
30
Let b(y) = -54*y - 274. Determine b(-5).
-4
Let x(r) = -16*r + 33. Determine x(8).
-95
Let m(f) = -2*f**3 + 65*f**2 - 34*f - 16. Give m(32).
-80
Let b(k) = -k**2 - 30*k + 4. Give b(-30).
4
Let y(x) = -9*x - 1. Calculate y(-2).
17
Let s(y) = -y**3 + 30*y**2 + y - 59. Determine s(30).
-29
Let u(z) = z**3 - 6*z**2 - 3*z + 31. Determine u(7).
59
Let p(j) = j**3 - 13*j**2 - j + 7. What is p(13)?
-6
Let y(g) = -5*g - 5. What is y(-3)?
10
Let i(x) = x**3 - 13*x**2 + 11*x + 6. Give i(12).
-6
Let g(m) = -m**2 - 28*m + 121. What is g(-31)?
28
Let k(x) = -6*x**2 + 1. Calculate k(-1).
-5
Let q(a) = a**2 + 23*a - 21. Give q(-18).
-111
Let q(g) = -g**2 + 25*g - 148. What is q(9)?
-4
Let v(o) = 4*o + 3. Give v(3).
15
Let x(k) = -k + 2. Determine x(7).
-5
Let j(n) = -n - 22. Calculate j(-8).
-14
Let v(q) = q**3 + 7*q**2 - q - 40. What is v(-5)?
15
Let z(r) = r**2 + 32*r + 24. What is z(-31)?
-7
Let m(r) = -r**3 - 3*r**2 - r - 2. Calculate m(-2).
-4
Let f(l) = l**2 + 6*l - 7. Determine f(-5).
-12
Let f(c) = -56*c + 3476. Determine f(62).
4
Let b(z) = -z**2 + 16*z - 53. Determine b(10).
7
Let r(v) = 11*v**3 + v. Determine r(-1).
-12
Let w(s) = -3*s**3 + 6*s**2 + 1. Determine w(2).
1
Let f(b) = 7*b - 33. Give f(5).
2
Let p(j) = -12*j + 2. Calculate p(1).
-10
Let z(j) = j**3 - 6*j**2 - 2*j + 6. Calculate z(3).
-27
Let p(t) = 7*t - 168. What is p(24)?
0
Let a(l) = -2*l**3 - 12*l**2 - 11*l - 60. Determine a(-6).
6
Let d(g) = g**2 - 2. Calculate d(-5).
23
Let x(z) = 34*z**2 + 5*z + 7. Calculate x(-2).
133
Let z(o) = 7*o. Determine z(-3).
-21
Let r(x) = -2*x**3 + 11*x**2 - 2*x - 7. Calculate r(5).
8
Let f(n) = -2*n**2 - 8*n + 8. Calculate f(-5).
-2
Let m(n) = n**3 - 9*n**2 + 8*n. What is m(8)?
0
Let x(g) = -g**3 - 13*g**2 + 13*g - 12. Give x(-14).
2
Let a(c) = -c**3 - 3*c**2 - c + 5. Calculate a(-4).
25
Let d(v) = 23*v - 189. What is d(7)?
-28
Let u(f) = f**3 + 3*f**2 - 4*f. Give u(-4).
0
Let w(i) = -i - 36. Give w(-14).
-22
Let q(k) = -k**3 + 21*k**2 + 21*k + 37. Calculate q(22).
15
Let x(p) = -p**2 - 19*p - 83. Give x(-12).
1
Let y(d) = d**3 - 12*d**2 - 14*d - 8. What is y(13)?
-21
Let o(z) = -2*z**2 - 16*z - 3. Calculate o(-7).
11
Let s(n) = n**3 - 13*n**2 - 8*n - 10. What is s(14)?
74
Let a(n) = n**3 + 8*n**2 + 3*n - 16. What is a(-6)?
38
Let s(n) = 71*n - 11. What is s(2)?
131
Let u(h) = 23*h + 108. Determine u(-7).
-53
Let x(g) = -g + 9. Give x(3).
6
Let t(v) = -13*v + 156. What is t(16)?
-52
Let l(y) = -y**2 + 2*y - 2. Give l(3).
-5
Let g(y) = -2*y + 1. Give g(-11).
23
Let x(t) = -t**2 - 5*t + 5. Give x(-6).
-1
Let h(d) = -d**3 - 3*d**2 + d + 4. Determine h(-3).
1
Let d(l) = l - 5. What is d(12)?
7
Let h(l) = -10*l + 84. Determine h(8).
4
Let x(u) = u**2 - 3*u - 4. What is x(-2)?
6
Let r(h) = -h - 6. Determine r(-9).
3
Let l(a) = -a**3 + 4*a**2 - a + 1. Give l(3).
7
Let g(m) = 2*m**3 - 6*m**2 - m - 1. What is g(3)?
-4
Let j(z) = z**3 - 4*z**2 + 4*z - 2. Determine j(3).
1
Let q(w) = 5*w - 19. Determine q(3).
-4
Let z(j) = 6*j**2 - 11*j + 6. Calculate z(4).
58
Let y(q) = 7*q**2 - 4*q + 2. Calculate y(3).
53
Let h(m) = -5*m + 21. Calculate h(14).
-49
Let l(d) = -d - 5. What is l(7)?
-12
Let t(g) = -g**3 - 9*g**2 - 15*g - 8. Determine t(-6).
-26
Let p(b) = 3*b**3 + 28*b**2 + 8*b + 2. Give p(-9).
11
Let r(i) = i**3 - 2*i**2 - 1. What is r(4)?
31
Let x(d) = d**3 - d**2 - 7*d + 2. Give x(0).
2
Let b(d) = d**3 - d**2 - 3*d - 9. What is b(3)?
0
Let q(j) = 42*j - 76. Determine q(2).
8
Let q(w) = 58*w. Determine q(1).
58
Let c(v) = v**2 - 5*v - 14. Give c(-3).
10
Let y(i) = 98*i + 3. Give y(-1).
-95
Let l(o) = 5*o**2 + o. Calculate l(-1).
4
Let z(u) = -u**2 - 21*u + 43. Calculate z(2).
-3
Let g(j) = -j**3 + 14*j**2 + 18*j - 27. Determine g(14).
225
Let q(j) = j**3 - j**2 - j + 22. Calculate q(0).
22
Let g(k) = -k**3 - 5*k**2 - k - 5. What is g(-6)?
37
Let l(w) = -w**2 - 11*w - 7. What is l(-7)?
21
Let d(t) = 3*t - 32. Give d(9).
-5
Let b(o) = -3*o - 29. Give b(-5).
-14
Let j(i) = i**2 + 5*i - 5. Determine j(-4).
-9
Let b(d) = d**3 - 15*d**2 + 35*d + 7. What is b(12)?
-5
Let p(m) = -m + 7. Determi